
388
Let w(a) = -205*a + 2470. Determine w(8).
830
Let m(t) = 459*t**2 - 261*t + 252. Determine m(1).
450
Let f(r) = -r**3 - 27*r**2 - 22*r + 588. Determine f(-25).
-112
Let d(l) = -27*l**2 - 258*l + 30. Calculate d(-12).
-762
Let d(c) = 20*c**2 + 2762*c + 317. Give d(-138).
41
Let j(r) = -r**3 + 915*r**2 - 3644*r + 5. Calculate j(4).
5
Let c(z) = -z**3 - 4*z**2 + 5*z - 1015. Give c(0).
-1015
Let p(n) = 486*n + 8231. What is p(-19)?
-1003
Let x(y) = -30057*y + 30056. Determine x(1).
-1
Let t(m) = 1141868*m - 5709333. Give t(5).
7
Let j(s) = -39*s**3 - 2486*s**2 + 648*s + 564. Give j(-64).
52
Let m(k) = -103*k - 5161. Determine m(-50).
-11
Let k(t) = -19*t**2 + 351*t - 95. Give k(20).
-675
Let n(w) = -10571*w**2 + 7*w + 26. Determine n(0).
26
Let u(r) = 4*r**3 - 187*r**2 + 2190*r - 64. What is u(22)?
200
Let q(k) = -19*k**2 + 1183*k - 13622. Give q(47).
8
Let p(o) = -o**3 + 124*o**2 - 1542*o - 1040. Calculate p(110).
-1260
Let d(x) = -2*x**2 + 4259*x + 18. What is d(0)?
18
Let i(m) = -m**2 - 2758*m - 144749. Give i(-54).
1267
Let a(m) = -2*m**3 + 626*m**2 + 1257*m + 983. What is a(315)?
38
Let s(t) = -8*t**2 + 243*t - 121. Determine s(25).
954
Let c(y) = y**3 + 8*y**2 - 201*y + 884. Give c(5).
204
Let d(a) = -11688*a - 759708. Give d(-65).
12
Let t(n) = n**3 - 36*n**2 - 56*n + 910. Calculate t(37).
207
Let s(j) = -77932*j + 6078773. Give s(78).
77
Let c(h) = 85455*h + 256435. Determine c(-3).
70
Let m(a) = 148250*a - 741238. Calculate m(5).
12
Let z(q) = 2*q**3 + 15*q**2 + 181*q + 1526. Give z(-8).
14
Let w(a) = 63*a**3 + 1833*a**2 + 181*a + 219. Give w(-29).
16
Let q(d) = 131124*d + 11670039. Give q(-89).
3
Let v(h) = -168*h**2 + 11*h + 46. What is v(0)?
46
Let q(t) = -5*t**2 + 179*t - 560. Give q(4).
76
Let h(x) = 2*x**2 + 238*x - 651. Determine h(-127).
1381
Let v(l) = 2883*l - 1830714. Determine v(635).
-9
Let z(w) = -5219*w + 422743. Give z(81).
4
Let a(n) = 5*n**2 - 446*n + 1324. Calculate a(3).
31
Let s(i) = 25832*i + 38954662. Give s(-1508).
6
Let p(s) = 2*s**2 + 205*s - 2249. Calculate p(11).
248
Let r(l) = -1224*l - 274142. Calculate r(-224).
34
Let d(t) = t**3 + 442*t**2 - 8288*t - 3705. Determine d(-460).
-25
Let s(z) = z**3 - 15*z**2 + 73*z - 629. Give s(13).
-18
Let r(w) = -7912*w + 609251. Calculate r(77).
27
Let p(o) = -330*o + 17997. What is p(54)?
177
Let c(g) = -18534*g - 259476. Give c(-14).
0
Let x(w) = 5*w**3 + 7388*w**2 - 319117*w + 40. Determine x(42).
-2
Let n(q) = -4*q**3 - 44*q**2 - 159*q - 1824. Give n(-11).
-75
Let c(q) = 6628*q + 26511. Calculate c(-4).
-1
Let h(c) = -7048*c + 43652. Determine h(6).
1364
Let q(g) = g**3 - 123*g**2 - 156*g + 3893. Calculate q(124).
-75
Let c(q) = -22*q**2 - 741*q + 9983. Give c(-44).
-5
Let i(m) = -27*m + 406. Determine i(60).
-1214
Let w(y) = 2*y**3 + 51*y**2 - 296*y - 2709. Calculate w(-29).
-12
Let i(z) = -70*z**3 - 1140*z**2 - 331*z - 175. Calculate i(-16).
1
Let i(l) = -4370*l + 314682. Determine i(72).
42
Let c(s) = -s**3 + 12*s**2 + 193*s - 44. Determine c(-9).
-80
Let u(m) = 6392*m - 6072410. Give u(950).
-10
Let b(w) = w**2 - 55*w + 713. Give b(28).
-43
Let z(l) = -l**3 - 15*l**2 - 447*l - 7936. Give z(-17).
241
Let a(u) = 3745*u + 82667. What is a(-22)?
277
Let y(x) = 19*x**2 + 724*x + 272. Give y(-38).
196
Let p(f) = 3966*f - 360904. Determine p(91).
2
Let a(s) = -7*s**2 + 858*s - 20789. Give a(90).
-269
Let w(s) = -s**2 + 62*s - 921. What is w(45)?
-156
Let y(u) = u**3 + 32*u**2 - 1268*u - 17. Determine y(23).
-86
Let g(f) = -f**2 - 621*f - 9106. Give g(-15).
-16
Let q(i) = 3*i**3 + 140*i**2 + 93*i + 55. What is q(-46)?
9
Let m(v) = 106*v**2 - 5326*v + 1284. Give m(50).
-16
Let p(c) = -2*c**3 + 133*c**2 - 54*c - 870. Determine p(66).
-78
Let w(q) = -161*q**2 + 177*q - 650. Calculate w(4).
-2518
Let b(x) = 34325*x + 308290. Calculate b(-9).
-635
Let i(u) = -8027*u + 32114. Determine i(4).
6
Let r(h) = -1165*h**3 - 8*h**2 + 154*h + 153. Determine r(-1).
1156
Let q(p) = 5781*p - 103124. Give q(18).
934
Let c(t) = -110*t**2 - 3662*t - 1081. Give c(-33).
-25
Let v(x) = -241975*x - 30730826. Give v(-127).
-1
Let z(p) = -1690*p - 69332. Give z(-41).
-42
Let g(h) = -4239*h + 309435. Give g(73).
-12
Let s(t) = -9181*t - 91669. Determine s(-10).
141
Let k(a) = -4*a**2 + 2119*a + 21966. Determine k(540).
-174
Let t(r) = 4055*r - 28126. What is t(7)?
259
Let r(v) = v**3 - 649*v**2 + 24361*v - 612. Calculate r(609).
-3
Let u(l) = -7276*l - 953149. Determine u(-131).
7
Let l(h) = 84*h**3 - 595*h**2 - 216*h + 1870. Determine l(7).
15
Let u(s) = -766*s + 7057. What is u(9)?
163
Let u(h) = h**3 - 18*h**2 - 385*h + 4629. Give u(10).
-21
Let y(z) = 9*z**2 + 2825*z - 41661. What is y(-328)?
-5
Let v(x) = -2*x**3 + 21*x**2 + 37*x - 1. Calculate v(12).
11
Let f(p) = 45*p**2 - 31*p - 89. Determine f(0).
-89
Let b(p) = -p**3 - 8*p**2 + 248*p + 287. Determine b(13).
-38
Let o(q) = -q**2 - 594*q + 1150645. What is o(-1410)?
85
Let u(m) = -551748*m - 4965727. Give u(-9).
5
Let c(v) = -431*v + 45310. Determine c(106).
-376
Let m(d) = -1982*d + 9864. Calculate m(5).
-46
Let i(r) = -147*r - 14688. Give i(-101).
159
Let k(m) = -2*m**2 - 1962*m - 34634. Give k(-18).
34
Let k(d) = -2*d**2 - 101*d - 1009. Determine k(-36).
35
Let k(x) = 1153*x**2 + 3461*x - 1. What is k(-3)?
-7
Let u(b) = 2*b**3 - 3413*b**2 - 1464*b - 414793. Give u(1707).
8
Let g(i) = 144*i - 13431. Determine g(93).
-39
Let x(b) = -5289*b**2 + 26430*b + 83. What is x(5)?
8
Let c(r) = 12*r**3 + 155*r**2 - 628*r - 570. Give c(-16).
6
Let o(d) = -2*d**3 + 75*d**2 - 122*d - 118. Calculate o(36).
-622
Let f(j) = -1730*j + 1917. Determine f(1).
187
Let g(y) = -9*y**2 + 148*y + 1234. Give g(-8).
-526
Let g(l) = -5*l**3 + 64*l**2 - 516*l + 1584. Determine g(5).
-21
Let x(u) = -u**3 + 35*u**2 + 3479*u - 236. Determine x(79).
1
Let c(p) = 315608*p + 315601. What is c(-1)?
-7
Let k(q) = -847*q + 5932. Determine k(7).
3
Let h(n) = 31*n**2 - 36*n - 4. Give h(9).
2183
Let l(o) = -5*o**3 + 3865*o**2 + 3841*o + 22379. Determine l(774).
-67
Let p(s) = -24*s - 6535. Calculate p(-272).
-7
Let l(z) = 199*z + 1662. What is l(-15)?
-1323
Let o(g) = 1420*g + 3394. Give o(-2).
554
Let b(x) = -25*x**2 - 2260*x - 26713. What is b(-14)?
27
Let d(x) = -x**3 + 5*x**2 - 290215*x + 5. Calculate d(0).
5
Let r(k) = -8*k**3 - 8476*k**2 - 54753*k + 3152. Determine r(-1053).
-7
Let n(c) = -c**3 + 153*c**2 - 314*c + 2557. What is n(151)?
745
Let i(t) = -t**3 - 176*t**2 + 258*t + 14059. Calculate i(-177).
-278
Let b(k) = k**3 + 22*k**2 - 42*k - 1065. Give b(-17).
1094
Let o(a) = 1318*a + 2696. Determine o(-2).
60
Let g(i) = 14*i + 1427. Determine g(38).
1959
Let x(n) = -1869*n + 99010. What is x(53)?
-47
Let k(t) = -66295*t + 1789958. Determine k(27).
-7
Let v(y) = -1223*y**2 + 373016*y - 518. What is v(305)?
-213
Let j(b) = -37465*b - 28548335. Determine j(-762).
-5
Let j(w) = -4*w**3 + 18*w**2 + 118*w + 2. Calculate j(-6).
806
Let g(t) = -4137*t - 786064. Calculate g(-190).
-34
Let l(m) = 8*m**3 - 12*m**2 - 211*m + 1196. Give l(5).
841
Let o(l) = l**2 + 529*l + 8505. Determine o(-17).
-199
Let l(p) = -12*p**3 - 233*p**2 - 22*p - 194. What is l(-19)?
-1581
Let h(r) = 4308*r + 68809. Determine h(-16).
-119
Let g(r) = -16*r**3 - 227*r**2 - 89*r - 677. What is g(-14)?
-19
Let u(c) = 206*c**2 + 905*c + 4511. Calculate u(-5).
5136
Let n(f) = -f**3 - 105*f**2 + 3733*f - 210. Give n(28).
42
Let j(d) = 1431*d - 11457. Give j(8).
-9
Let q(s) = -4086422*s - 12259266. Give q(-3).
0
Let u(b) = b**2 + 559*b - 2685. Calculate u(5).
135
Let w(s) = -2332*s + 172568. What is w(74)?
0
Let p(w) = w**2 - 236*w - 237. Determine p(-1).
0
Let g(w) = -w**3 - 34*w**2 - 11*w + 465. Give g(-4).
29
Let n(c) = 267332*c - 4544651. Calculate n(17).
-7
Let j(r) = -3*r**3 + 106*r**2 - 821*r + 8. What is j(24)?
-112
Let l(b) = -153785*b + 4305977. What is l(28)?
-3
Let w(s) = s**3 + 168*s**2 - 1778*s + 221. Give w(-178).
-135
Let c(h) = -8296*h + 41496. Calculate c(5).
16
Let b(u) = 34*u**2 - 1025*u - 24. Give b(31).
875
Let h(m) = m**3 + 33*m**2 - 752*m - 475. Determine h(16).
37
Let g(v) = 1782*v - 1364. Calculate g(1).
418
Let j(d) = 49*d - 2899. Determine j(63).
188
Let u(b) = -b**3 + 429*b**2 + 6178*b - 372. Give u(-14).
-36
Let d(q) = 70*q**2 - 3013*q + 38. Give d(43).
-91
Let f(m) = -50*m - 305